9, what is -4141 - 78?
-4230
In base 8, what is 240046 + 124?
240172
In base 11, what is -1064 - -7?
-1058
In base 10, what is 2911676 - -5?
2911681
In base 3, what is 210 + -1121101?
-1120121
In base 11, what is -7936 - a3?
-7a29
In base 5, what is 1033323 - 33?
1033240
In base 15, what is 28 - 12c4?
-129b
In base 3, what is 2 + 1011210212000?
1011210212002
In base 16, what is -d5 - -2f5?
220
In base 12, what is -4b - 4354?
-43a3
In base 9, what is -2562623 - 2?
-2562625
In base 6, what is -114224 + -22?
-114250
In base 10, what is -76 - 521?
-597
In base 10, what is 22751 + 2?
22753
In base 13, what is 4336a + 4?
43371
In base 13, what is 65b - -19?
677
In base 8, what is 3 - -253576?
253601
In base 7, what is -22450 + 53?
-22364
In base 5, what is 2420 + 10?
2430
In base 15, what is 1 - 134a?
-1349
In base 14, what is 3a52 - -6?
3a58
In base 5, what is 20 + 1433?
2003
In base 15, what is -4 - -316e?
316a
In base 10, what is 274 + 9794?
10068
In base 12, what is -11b1 + 6?
-11a7
In base 15, what is -54080 - -6?
-54079
In base 9, what is -5488 + 500?
-4888
In base 10, what is 11256 + -2?
11254
In base 6, what is 5 + 525021?
525030
In base 14, what is 5a56d - 2?
5a56b
In base 11, what is 158269 + 4?
158272
In base 5, what is 343 + -213?
130
In base 10, what is -2919 - 33?
-2952
In base 13, what is -3 + 7474c?
74749
In base 13, what is 0 - -28aba?
28aba
In base 3, what is -1102 + 12121110?
12120001
In base 12, what is -18960 - 5a?
-189ba
In base 3, what is -2110001212 + 111?
-2110001101
In base 7, what is 1366033 - 3?
1366030
In base 10, what is 193 - -673?
866
In base 4, what is 10 + -3013001?
-3012331
In base 13, what is 1 - -151bc6?
151bc7
In base 16, what is 4 + 7dcf?
7dd3
In base 15, what is 1 - ca04?
-ca03
In base 15, what is -309a7 + -5?
-309ac
In base 5, what is 3 + -213210121?
-213210113
In base 16, what is 2 - -151a9?
151ab
In base 9, what is -78 + -65473?
-65562
In base 11, what is -1232 + 76?
-1167
In base 5, what is -3324 - -123?
-3201
In base 7, what is -365 + -641?
-1336
In base 5, what is -1 + 13442144?
13442143
In base 4, what is -132 + -22?
-220
In base 8, what is -713534 + -1?
-713535
In base 10, what is 2 + 198340?
198342
In base 6, what is -41410 + 0?
-41410
In base 7, what is 230 - 3624?
-3364
In base 7, what is -3256 - 3344?
-6633
In base 5, what is -433 - 1134?
-2122
In base 11, what is -427 - 72?
-499
In base 13, what is -772c - -9?
-7723
In base 14, what is -12 + -81d62?
-81d74
In base 2, what is -1110011000101011011 + 11?
-1110011000101011000
In base 15, what is 5526 + -19?
550c
In base 3, what is -1212022210 + -22?
-1212100002
In base 16, what is 1096 + f?
10a5
In base 6, what is -145 - -253341?
253152
In base 7, what is -3123 - -26?
-3064
In base 12, what is -451 - a59?
-12aa
In base 10, what is -2707 - 70?
-2777
In base 2, what is -11101 - -1001011111111?
1001011100010
In base 12, what is -10b - -2297?
2188
In base 9, what is -8 - -58207?
58188
In base 16, what is -18 - 2a1?
-2b9
In base 3, what is 10 - 10110202221?
-10110202211
In base 14, what is c + -16d9?
-16cb
In base 12, what is 6 - 147a?
-1474
In base 3, what is -2 + -101200102101?
-101200102110
In base 11, what is 3058 - -88a?
3937
In base 13, what is b8 - -27a?
365
In base 3, what is 121 + -1100100?
-1022202
In base 16, what is -7 + bbec?
bbe5
In base 4, what is 0 + 2200020?
2200020
In base 2, what is 1010001 + -10101010110?
-10100000101
In base 8, what is 564312 + 14?
564326
In base 13, what is -1845 - -10c?
-1736
In base 14, what is -bba + 3?
-bb7
In base 10, what is 2 - 14940?
-14938
In base 4, what is -22 + -1202230?
-1202312
In base 12, what is -14 + 163b?
1627
In base 2, what is 10011011101 + 100001?
10011111110
In base 8, what is -233 - 427?
-662
In base 3, what is 202012210 - -21201?
202111111
In base 9, what is 22 - -6853?
6875
In base 13, what is -5 + a30c9?
a30c4
In base 3, what is -1001001200 - 1?
-1001001201
In base 13, what is 6c385 + 1?
6c386
In base 7, what is 54253 - -12?
54265
In base 13, what is -111314 - -8?
-111309
In base 5, what is -202414 - -434?
-201430
In base 13, what is 3 + 18a5b9?
18a5bc
In base 14, what is -b + -d01?
-d0c
In base 9, what is 0 - 735086?
-735086
In base 5, what is 13 + -11110?
-11042
In base 3, what is 102111 + -2021020?
-1211202
In base 11, what is 480a - -2a?
4839
In base 2, what is 100 + -1000110001011110?
-1000110001011010
In base 11, what is 1a401 - 2?
1a3aa
In base 14, what is 8819 + 50?
8869
In base 4, what is -1323310322 + 1?
-1323310321
In base 13, what is -5 - 2a255?
-2a25a
In base 4, what is -11020 - 3302?
-20322
In base 14, what is -949 + 96?
-893
In base 2, what is 100 + -1100101110001?
-1100101101101
In base 14, what is -ca7 - 29?
-cd2
In base 13, what is -60 + -3c22?
-3c82
In base 11, what is -5156 + 21?
-5135
In base 14, what is cd7a + 0?
cd7a
In base 10, what is -1746975 - 3?
-1746978
In base 16, what is -5 + -38b1?
-38b6
In base 9, what is 154608 - 1?
154607
In base 10, what is 1223266 - -5?
1223271
In base 11, what is 168 - 803?
-646
In base 6, what is -3504103 + 31?
-3504032
In base 14, what is -6bc65 + -3?
-6bc68
In base 14, what is -823 + -c?
-831
In base 11, what is 17 + -642?
-626
In base 6, what is 14405 - -111?
14520
In base 9, what is -232 - 12?
-244
In base 10, what is 1510 + -997?
513
In base 6, what is -330145 - -3?
-330142
In base 16, what is 7 + 1016?
101d
In base 5, what is 3 - 40430?
-40422
In base 11, what is -105 + -1809?
-1913
In base 15, what is -1 - 38e60?
-38e61
In base 9, what is -217 - -105?
-112
In base 11, what is 5 + 144666?
144670
In base 4, what is -1032300 - -11?
-1032223
In base 9, what is -146846 - 2?
-146848
In base 14, what is 8b - -137?
1c4
In base 16, what is 114f - -2?
1151
In base 14, what is 13c + 5d5?
733
In base 16, what is 1fbf - 2?
1fbd
In base 8, what is -24770 - 201?
-25171
In base 4, what is 112103012 + -22?
112102330
In base 9, what is 245383 - 5?
245377
In base 4, what is -111001 + -32?
-111033
In base 15, what is -3 - -3a4?
3a1
In base 14, what is -6c1 - -16?
-6a9
In base 7, what is -23663 + -11?
-24004
In base 11, what is 274a14 + -4?
274a10
In base 15, what is -15 + -86?
-9b
In base 5, what is 1402141 - 10?
1402131
In base 4, what is 0 - -101133302?
101133302
In base 8, what is -22741327 + 1?
-22741326
In base 13, what is -1c595 + 6?
-1c58c
In base 7, what is 2 + -11255?
-11253
In base 8, what is 15773 + 333?
16326
In base 11, what is -615 - -a2?
-523
In base 9, what is 475 - -2333?
2818
In base 10, what is -48075 + 3?
-48072
In base 2, what is 0 - 110111110111001?
-110111110111001
In base 7, what is -3320312 + -5?
-3320320
In base 8, what is 4 + -1201531?
-1201525
In base 5, what is 2421 - -4414?
12340
In base 2, what is -10011 - 1110010011?
-1110100110
In base 14, what is -532 - 1c?
-550
In base 5, what is 12 - 1424100?
-1424033
In base 14, what is -3 + 5500?
54db
In base 8, what is 3 - 27024?
-27021
In base 6, what is -13 - 4204520?
-4204533
In base 14, what is 17 + -1dc8?
-1db1
In base 5, what is -3 - -11314310?
11314302
In base 9, what is 288243 - 0?
288243
In base 5, what is -1 - 33221?
-33222
In base 5, what is 11 - 302210?
-302144
In base 12, what is 1673 + 2?
1675
In base 9, what is -1 - -14451?
14450
In base 12, what is 981 - 57?
926
In base 16, what is -2 + 477?
475
In base 3, what is 1110120 - 21221?
1011122
In base 16, what is 1dd + -560?
-383
In base 10, what is 215898 + -4?
215894
In base 5, what is 1321003 + 11?
1321014
In base 5, what is -3 + -340312?
-340320
In base 3, what is -11 + -21210102122?
-21210102210
In base 5, what is -10 - -1322314?
1322304
In base 16, what is 5 - 8614?
-860f
In base 8, what is -34 - -43625?
43571
In base 10, what is 6 - -91853?
91859
In base 15, what is a5b27 + 6?
a5b2d
In base 2, what is -10001 + -1110100100001?
-1110100110010
In base 11, what is -33931 + 6?
-33926
In base 13, what is -9b - -610?
542
In base 6, what is -101235402 - 4?
-101235410
In base 8, what is -10 + 50061?
50051
In base 7, what is -1 + -1155162?
-1155163
In base 13, what is -8 - 1416?
-1421
In base 7, what is -3035 + 23?
-3012
In base 11, what is 40 - -72593?
72623
In base 2, what is 1101100101001110 - -10?
1101100101010000
In base 3, what is -2112201121 + 0?
-2112201121
In base 4, what is 2 + 12313210133?
12313210201
In 